 u = 2128 - 1196. What is the units digit of u?
2
Let f(k) = k - 1. Let w be f(3). Let j be 510/(-68)*(-2)/3. Suppose -w*r = -j*r + 15. What is the units digit of r?
5
Let x = -4264 + 5988. What is the hundreds digit of x?
7
Let p(d) be the second derivative of 0 + 5/2*d**2 + 1/12*d**4 + 3*d - 2/3*d**3. What is the tens digit of p(5)?
1
Let c = -8 + 22. Suppose -c*k + 54 = -30. What is the units digit of k?
6
Let r be -4 - (-1 + (-37 - -4)). What is the units digit of (-66)/4*(-140)/r?
7
Suppose -102 = t - 582. What is the tens digit of t?
8
Let v(n) = 12*n**2 + 3*n + 6. Let z be v(6). Suppose -40 = 16*k - z. What is the units digit of k?
6
Let j = -19 + 229. What is the hundreds digit of j?
2
Suppose 3*l + 1 = -2*b, l - 6*l = -2*b - 9. Let r be (48/32)/(b/(-36)). Suppose 2*g - 29 = r. What is the tens digit of g?
2
Suppose -18*z + 15*z + 2165 = -2*u, 0 = -2*u + 10. What is the hundreds digit of z?
7
Let n(r) be the third derivative of 0*r + 1/30*r**5 + 3/2*r**3 - 1/4*r**4 - 9*r**2 + 0. What is the units digit of n(6)?
5
What is the tens digit of -26*5/20*-34?
2
Let k be (-1 + 2)/((-1)/2). Let x(d) = 35*d - 2. Let a be x(k). What is the units digit of (a/32)/((-2)/8)?
9
What is the hundreds digit of 211 - -18 - -6*1?
2
Suppose 3*j + 976 = 6*j + o, -3*o + 12 = 0. Let b = j + -177. What is the hundreds digit of b?
1
Let s = 2 + 4. Suppose -20 = -5*m, 0 = n - 0*n - m + 30. What is the units digit of (n/s)/(4/(-12))?
3
Suppose f - 5 = -3. Suppose c - 398 = -a - 2*a, 4*c = f*a - 242. What is the hundreds digit of a?
1
Suppose 3*d + 3*y = 9426, 5*d + 78*y = 75*y + 15718. What is the hundreds digit of d?
1
Let n(t) = -t**2 + 9*t - 6. Let a be 39/21 + 2/14. Suppose -3*x + 4*r + 16 = -a, -3*r + 30 = 5*x. What is the units digit of n(x)?
2
Suppose 26025 = 5*w + v, 15549 + 10496 = 5*w - 3*v. What is the units digit of w?
6
Suppose -2*x = 8, -3*v - 4*x + 5*x = -250. What is the units digit of v?
2
Let o be -4*((-6)/10 - (-37)/20). Let f be (-3)/6 - 6/(-4). What is the units digit of (5 - f) + (o - -48)?
7
Suppose -t - 17*t = -9756. What is the tens digit of t?
4
Suppose 6 - 8 = -x. What is the hundreds digit of 11/((-55)/x) - 1624/(-10)?
1
What is the tens digit of 208/26*(1 + 28)?
3
Suppose -29*p + 18 = -26*p. Let l(x) = x**3 - 2*x**2 - 6*x - 6. What is the tens digit of l(p)?
0
Suppose g - 5*g - 5*n + 40 = 0, -5*g = -4*n - 9. Suppose 4*q - 4*z = -z + 40, 0 = g*z. What is the tens digit of q?
1
Let k(w) = -w**2 - 48*w - 148. What is the tens digit of k(-41)?
3
Let z = 11045 - 6142. What is the tens digit of z?
0
Let j(d) = -17*d**3 - d - 3 - 3*d**3 + 0*d + 3*d**2 - 9*d**2. What is the units digit of j(-2)?
5
Suppose 5*m = 5*a + 11060, 0 = -8*a + 3*a - 20. Suppose 7*c = m + 109. What is the units digit of c?
1
Suppose 13 = 3*c - 41. Suppose -c = -4*g - 4*d + 2*d, 5*d = 25. Suppose -2*j = -4, -j = -g*s - 0*s + 72. What is the tens digit of s?
3
Let h(j) = j**2 + 5*j + 2*j**2 + 3*j**2 - 5*j**2 - 7. What is the tens digit of h(6)?
5
Let p = -43 + 50. Suppose 4*q = p*q - 51. What is the units digit of q?
7
Let m be ((-26)/(-3))/((-6)/(-9)). Suppose -y + 3*s = -2*y + 8, -5*y + 2*s = -6. Let v = m - y. What is the tens digit of v?
1
Suppose -9*t = -5*t - 116. What is the units digit of t?
9
Suppose -25*l + 156 = -22*l. Suppose 5*p = 43 + l. What is the units digit of p?
9
Let r(p) = p**2 - 4*p - 9. Let x be r(6). Suppose 5*d + 495 = 5*i, 0 = d + x*d + i + 406. Let h = d - -152. What is the units digit of h?
1
Suppose 2*h + 0 = 4. Suppose -h*o - 10 = -76. What is the tens digit of o?
3
Let z(l) = 15*l + 9. Let u be z(-3). Let c = u - -74. Suppose 3*b = 5*r + 124, -b - 2*r = -3*r - c. What is the tens digit of b?
3
Let a(j) = -28*j + 51. Let o(x) = -9*x + 17. Let c(p) = -2*a(p) + 7*o(p). What is the units digit of c(-5)?
2
Suppose -2*u - 25 = -5*q, q = -3*u - 3 - 9. Suppose q - 57 = -3*w. What is the units digit of w?
8
Suppose -2*b + 51 = b. Suppose q - 56 = -5*y, 3*q - 7 - b = -3*y. What is the units digit of y?
2
Let z be 2/(-4) + (-4)/(-8). Let g = -16 - -23. Suppose j = -z*j + g. What is the units digit of j?
7
Let o(s) = -s**2 + 20*s - 3. Let t be o(9). Let z = t + 26. Let b = 191 - z. What is the units digit of b?
9
Let c be 32 - 5/(5/(-3)). Suppose 2*s + c = 3*n + 6*s, -2*s + 5 = -n. Suppose 7*d - 37 = -h + 2*d, d = n*h - 107. What is the units digit of h?
2
What is the hundreds digit of (-52 - 772)*(0 + 2*-1)?
6
Suppose 18 = 5*c - 102. Suppose 0 = -3*t + 6 + 3. Suppose 0 = s - 0*s + x - c, 28 = s - t*x. What is the tens digit of s?
2
What is the tens digit of (-63)/(((-4)/2)/14) + 1?
4
Suppose 2*k - 50 = 116. Let m = 155 - k. What is the tens digit of m?
7
Suppose 0 = -21*t + 5813 + 1957. What is the units digit of t?
0
Suppose 4*b - 5*m - 39 = 0, 0 = -4*m + m + 15. Suppose -b*f + 4103 = 791. What is the tens digit of f?
0
What is the units digit of (-28333)/(-116) + 5/(-4)?
3
Let s be ((-135)/(-6))/((-8)/16). Let l = s - -72. What is the units digit of l?
7
Let a = -3 - -5. Let c(w) = -w**3 + 6*w**2 + 9*w - 11. Let s be c(7). Suppose -41 = -a*x - 4*l + l, -l - s = 0. What is the units digit of x?
5
Let l(t) = 159*t + 319. What is the units digit of l(14)?
5
Suppose -14*m + 9*m - 290 = 0. Let j = m + 101. What is the units digit of j?
3
Let v = 10 + -7. Let l(m) = m + v - 4*m**2 + 3*m**2 + 7*m + 0*m. What is the tens digit of l(6)?
1
Let o = 17 - 12. Suppose 2*s - 33 = -o*i, -s + 2*i = -2*i - 36. What is the units digit of s?
4
Let i = -81 - -185. What is the hundreds digit of i?
1
Let z(q) = q**2 + 15*q + 30. Let r be z(-13). What is the tens digit of (5 - 7) + 188 - r?
8
Let y(t) = -9*t**2 + t. Let s be y(1). Let l be (-29*1)/(4/s). Suppose -l = -4*o + 5*n, -2*o - n + 26 = 4. What is the tens digit of o?
1
Suppose n - c - 3 = -2*c, -2*n = -4*c. What is the units digit of 104/24*(n - -7)?
9
Let s be (0*(-2)/(-8))/2. Suppose -5*i = -s*i - 10. What is the tens digit of i/(-3)*(1 + -40)?
2
Suppose 0 = 2*q - 0*q - 142. Let k = q - 15. What is the units digit of k?
6
Let f(t) = -t + 3. Let z be f(6). Let g = z - -56. What is the tens digit of g?
5
Let p(y) = y**2 - 11*y - 65. What is the units digit of p(-27)?
1
Let p(m) = -41*m - 20. What is the units digit of p(-10)?
0
Let b = -12 + 8. Let j(v) = -v**2 - 4*v + 2. Let f be j(b). Suppose -f = 2*n - 8. What is the units digit of n?
3
Let r = 25 + -20. Suppose r*v + 2*f - 27 = 15, -3*v - f = -25. Suppose 22 = y + v. What is the units digit of y?
4
Suppose 0 = 3*f + o + 2183, 0 = 4*f + o + 4*o + 2929. What is the hundreds digit of ((-2)/4)/(3/f)?
1
Suppose 3*z + 3*d - 51 = 0, 20 = z + 2*d - 0*d. What is the tens digit of z?
1
Let o = -4 + 2. Let f be (o + 0)*1 - -6. Suppose 0 = -f*t + 131 - 11. What is the units digit of t?
0
What is the tens digit of 333*(7/7)/1?
3
Let r be (0 - 4) + -16 + 0. Suppose 50 = -0*k + 2*k. Let t = k - r. What is the tens digit of t?
4
Let h(n) = n. Let j(r) = 10*r - 10. Let z(g) = 3*h(g) - j(g). What is the units digit of z(-7)?
9
What is the tens digit of 4*4/(56/3017)?
6
Let k = -44 + 44. Suppose 7*v - 693 + 161 = k. What is the units digit of v?
6
Let n(m) = -m + 9. Let t(w) = 1. Let o(h) = -n(h) + 3*t(h). Let r be o(8). What is the units digit of 1/(-3)*0 + r?
2
Let g be -30 - (2 + (-4)/2). Let x be (-44)/(-6) - (-10)/g. Suppose 0 = -11*f + x*f + 180. What is the tens digit of f?
4
Suppose 2*x - x - 14 = 3*i, 19 = 5*x + 2*i. Suppose -3*z - g = z - 810, -3*z + 596 = -x*g. What is the units digit of z?
2
Let z(w) = 2*w + 32. Let o be z(-15). Suppose -n = 3*j + o*n - 24, 41 = 4*j + n. What is the units digit of j?
1
Let z = -942 + 1885. What is the tens digit of z?
4
Let b be 53934/66 + ((-18)/33)/3. Suppose -y - u + b = 2*y, 5*u = 3*y - 847. What is the units digit of y?
4
Let r(m) = 36*m**2 - m - 1. Let o be r(-2). Suppose -o = -5*u - 5*w, 0 = 2*u - 3*w - 23 - 30. Suppose 5*x = 218 - u. What is the tens digit of x?
3
What is the tens digit of 1 + -5 + 17/(170/3560)?
5
Let t = 31 + -26. Suppose t*j - 106 = 4*j. What is the hundreds digit of j?
1
Let b = -207 + 499. Let w = -122 + b. What is the hundreds digit of w?
1
Let u(m) = -1. Let a(b) = b + 5. Let i(n) = a(n) - 3*u(n). Let l = 105 + -105. What is the units digit of i(l)?
8
Let y(x) = 2*x**3 - 3*x**2 + 4*x - 3. Let f be 